{"id":234391,"date":"2024-01-03T09:12:33","date_gmt":"2024-01-03T09:12:33","guid":{"rendered":"https:\/\/kolejedolnoslaskie.pl\/15lat\/?page_id=234391"},"modified":"2024-01-09T09:56:07","modified_gmt":"2024-01-09T09:56:07","slug":"regulamin-konkursu-do-poczytania-od-zaraz","status":"publish","type":"page","link":"https:\/\/kolejedolnoslaskie.pl\/15lat\/regulamin-konkursu-do-poczytania-od-zaraz\/","title":{"rendered":"Regulamin konkursu &#8222;Do poczytania od zaraz&#8221;"},"content":{"rendered":"<p>[et_pb_section fb_built=&#8221;1&#8243; _builder_version=&#8221;4.22.0&#8243; _module_preset=&#8221;default&#8221; global_colors_info=&#8221;{}&#8221;][et_pb_row _builder_version=&#8221;4.22.0&#8243; _module_preset=&#8221;default&#8221; global_colors_info=&#8221;{}&#8221;][et_pb_column type=&#8221;4_4&#8243; _builder_version=&#8221;4.22.0&#8243; _module_preset=&#8221;default&#8221; global_colors_info=&#8221;{}&#8221;][et_pb_text _builder_version=&#8221;4.22.0&#8243; _module_preset=&#8221;default&#8221; width=&#8221;50%&#8221; width_tablet=&#8221;90%&#8221; width_phone=&#8221;90%&#8221; width_last_edited=&#8221;on|phone&#8221; max_width=&#8221;50%&#8221; max_width_tablet=&#8221;90%&#8221; max_width_phone=&#8221;90%&#8221; max_width_last_edited=&#8221;on|tablet&#8221; module_alignment=&#8221;center&#8221; global_colors_info=&#8221;{}&#8221;]<\/p>\n<h1 style=\"text-align: center;\"><strong>REGULAMIN KONKURSU<\/strong><br \/><strong>KOLEJE DOLNO\u015aL\u0104SKIE<\/strong><br \/><strong>\u201eDo poczytania od zaraz\u201d<\/strong><\/h1>\n<p>[\/et_pb_text][et_pb_text _builder_version=&#8221;4.22.0&#8243; _module_preset=&#8221;default&#8221; text_line_height=&#8221;1.8em&#8221; width=&#8221;50%&#8221; width_tablet=&#8221;90%&#8221; width_phone=&#8221;90%&#8221; width_last_edited=&#8221;on|phone&#8221; max_width=&#8221;50%&#8221; max_width_tablet=&#8221;90%&#8221; max_width_phone=&#8221;90%&#8221; max_width_last_edited=&#8221;on|tablet&#8221; module_alignment=&#8221;center&#8221; global_colors_info=&#8221;{}&#8221;]<\/p>\n<p>POSTANOWIENIA OG\u00d3LNE<\/p>\n<ol>\n<li>\u00a0Regulamin okre\u015bla warunki uczestnictwa, zasady organizacji oraz nagrody w konkursie (\u201eKonkurs\u201d).<\/li>\n<li>Organizatorem Konkursu jest sp\u00f3\u0142ka Koleje Dolno\u015bl\u0105skie Sp\u00f3\u0142ka Akcyjna z siedzib\u0105 w Legnicy, zwana dalej Organizatorem.<\/li>\n<li>Konkurs odbywa si\u0119 w dniach od 08.01.2024r. do 31.01.2024 r.<\/li>\n<li>Z udzia\u0142u w Konkursie wy\u0142\u0105czeni s\u0105: pracownicy Organizatora, podmiot\u00f3w bezpo\u015brednio wsp\u00f3\u0142tworz\u0105cych Konkurs oraz najbli\u017csi cz\u0142onkowie rodzin wy\u017cej wymienionych.<\/li>\n<li>Pod poj\u0119ciem \u201enajbli\u017cszych cz\u0142onk\u00f3w rodziny\u201d rozumie\u0107 nale\u017cy: wst\u0119pnych, zst\u0119pnych, rodze\u0144stwo, ma\u0142\u017conk\u00f3w oraz osoby pozostaj\u0105ce w stosunku przysposobienia.<\/li>\n<li>Post\u0119powanie konkursowe przeprowadzane zostanie w oparciu o postanowienia Regulaminu oraz w\u0142a\u015bciwe przepisy prawa.<\/li>\n<li>Tekst Regulaminu dost\u0119pny jest do wgl\u0105du na stronie internetowej <a href=\"http:\/\/www.kolejedolnoslaskie.pl\/15lat\/\">www.kolejedolnoslaskie.pl\/15lat\/<\/a><\/li>\n<li>Prawo do udzia\u0142u w Konkursie na warunkach okre\u015blonych w Regulaminie, przys\u0142uguje osobom fizycznym posiadaj\u0105cym pe\u0142n\u0105 zdolno\u015b\u0107 do czynno\u015bci prawnych.<\/li>\n<li>Konkurs nie jest administrowany, sponsorowany ani organizowany przez Facebook, Inc., Facebook Ireland Limited lub Microsoft Corporation.<\/li>\n<\/ol>\n<p>[\/et_pb_text][et_pb_text _builder_version=&#8221;4.22.0&#8243; _module_preset=&#8221;default&#8221; text_line_height=&#8221;1.8em&#8221; width=&#8221;50%&#8221; width_tablet=&#8221;90%&#8221; width_phone=&#8221;90%&#8221; width_last_edited=&#8221;on|phone&#8221; max_width=&#8221;50%&#8221; max_width_tablet=&#8221;90%&#8221; max_width_phone=&#8221;90%&#8221; max_width_last_edited=&#8221;on|tablet&#8221; module_alignment=&#8221;center&#8221; global_colors_info=&#8221;{}&#8221;]<\/p>\n<p>ZASADY KONKURSU<\/p>\n<ol>\n<li>Organizator o Konkursie informuje na portalu spo\u0142eczno\u015bciowym Facebook.com na fan page\u2019u Organizatora oraz w Magazynie Pok\u0142adowym &#8211; miesi\u0119czniku rozdysponowywanym bezp\u0142atnie w poci\u0105gach Organizatora.<\/li>\n<li>Udzia\u0142 w konkursie odbywa si\u0119 poprzez zg\u0142oszenie Uczestnika w formularzu Microsoft Forms udost\u0119pnionym na stronie <a href=\"http:\/\/www.15latkd.pl\">www.15latkd.pl<\/a>.<\/li>\n<li>Aby zwyci\u0119\u017cy\u0107 w Konkursie nale\u017cy wype\u0142ni\u0107 jedno z kryteri\u00f3w:\n<ul>\n<li>Zakupi\u0107 Dolno\u015bl\u0105ski Bilet Weekendowy lub bilet miesi\u0119czny lub bilet tygodniowy na stronie <a href=\"http:\/\/www.kolejedolnoslaskie.pl;\">www.kolejedolnoslaskie.pl;<\/a><\/li>\n<li>Zakupi\u0107 bilet jednorazowy na stronie <a href=\"http:\/\/www.kolejedolnoslaskie.pl;\">www.kolejedolnoslaskie.pl;<\/a><\/li>\n<\/ul>\n<\/li>\n<li>Po zakupie biletu nale\u017cy poprawnie uzupe\u0142ni\u0107 formularz zg\u0142oszeniowy na stronie <a href=\"https:\/\/kolejedolnoslaskie.pl\/15lat\/wygraj-ksiazke\/\">https:\/\/kolejedolnoslaskie.pl\/15lat\/wygraj-ksiazke\/<\/a>.<\/li>\n<li>W konkursie mo\u017cna zg\u0142osi\u0107 bilety zakupione od 1.01.2024r. do 31.01.2024r.<\/li>\n<li>Konkurs wygrywa pierwszych 100 os\u00f3b dla ka\u017cdej z grup, okre\u015blonych w pkt 3 ppkt. a-b, a o zwyci\u0119stwie decyduje kolejno\u015b\u0107 prawid\u0142owych zg\u0142osze\u0144.<\/li>\n<\/ol>\n<p>[\/et_pb_text][et_pb_text _builder_version=&#8221;4.22.0&#8243; _module_preset=&#8221;default&#8221; text_line_height=&#8221;1.8em&#8221; width=&#8221;50%&#8221; width_tablet=&#8221;90%&#8221; width_phone=&#8221;90%&#8221; width_last_edited=&#8221;on|phone&#8221; max_width=&#8221;50%&#8221; max_width_tablet=&#8221;90%&#8221; max_width_phone=&#8221;90%&#8221; max_width_last_edited=&#8221;on|tablet&#8221; module_alignment=&#8221;center&#8221; global_colors_info=&#8221;{}&#8221;]<\/p>\n<p>NAGRODY<\/p>\n<ol>\n<li>Nagrod\u0105 w konkursie jest egzemplarz ksi\u0105\u017cki \u201ePoci\u0105gi potrzebne od zaraz. Rewolucja kolejowa na Dolnym \u015al\u0105sku &#8211; monografia na 15-lecie Kolei Dolno\u015bl\u0105skich\u201d.<\/li>\n<li>Uczestnicy zostan\u0105 poinformowani o mo\u017cliwo\u015bci odbioru ksi\u0105\u017cki drog\u0105 mailow\u0105 do 15.02.2024r. poprzez adres mailowy, kt\u00f3ry podadz\u0105 w zg\u0142oszeniu.<\/li>\n<\/ol>\n<p>[\/et_pb_text][et_pb_text _builder_version=&#8221;4.22.0&#8243; _module_preset=&#8221;default&#8221; text_line_height=&#8221;1.8em&#8221; width=&#8221;50%&#8221; width_tablet=&#8221;90%&#8221; width_phone=&#8221;90%&#8221; width_last_edited=&#8221;on|phone&#8221; max_width=&#8221;50%&#8221; max_width_tablet=&#8221;90%&#8221; max_width_phone=&#8221;90%&#8221; max_width_last_edited=&#8221;on|tablet&#8221; module_alignment=&#8221;center&#8221; global_colors_info=&#8221;{}&#8221;]<\/p>\n<p>WYDANIE NAGR\u00d3D<\/p>\n<ol>\n<li>Warunkiem odbioru nagrody jest osobiste stawiennictwo we wskazanym przez Uczestnika miejscu.<\/li>\n<li>Odbi\u00f3r nagr\u00f3d mo\u017cliwy jest pomi\u0119dzy 15 a 29 lutego 2024 roku.<\/li>\n<li>Zwyci\u0119zcy nie mog\u0105 domaga\u0107 si\u0119 wymiany nagrody na inn\u0105 nagrod\u0119 rzeczow\u0105 lub na stanowi\u0105ce jej ekwiwalent \u015bwiadczenie pieni\u0119\u017cne.<\/li>\n<\/ol>\n<p>[\/et_pb_text][et_pb_text _builder_version=&#8221;4.22.0&#8243; _module_preset=&#8221;default&#8221; text_line_height=&#8221;1.8em&#8221; width=&#8221;50%&#8221; width_tablet=&#8221;90%&#8221; width_phone=&#8221;90%&#8221; width_last_edited=&#8221;on|phone&#8221; max_width=&#8221;50%&#8221; max_width_tablet=&#8221;90%&#8221; max_width_phone=&#8221;90%&#8221; max_width_last_edited=&#8221;on|tablet&#8221; module_alignment=&#8221;center&#8221; global_colors_info=&#8221;{}&#8221;]<\/p>\n<p>POST\u0118POWANIE REKLAMACYJNE<\/p>\n<ol>\n<li>Ka\u017cdemu Uczestnikowi Konkursu przys\u0142uguje prawo wniesienia pisemnej reklamacji nie p\u00f3\u017aniej jednak ni\u017c do dnia 10.02.2024r. Reklamacje wniesione po up\u0142ywie powy\u017cszego terminu nie b\u0119d\u0105 rozpatrywane.<\/li>\n<li>Reklamacje mog\u0105 by\u0107 zg\u0142aszane tylko i wy\u0142\u0105cznie na pi\u015bmie do siedziby Organizatora, lub na adres mailowy <a href=\"mailto:biuro.prasowe@kolejedolnoslaskie.eu\">biuro.prasowe@kolejedolnoslaskie.eu<\/a>.<\/li>\n<li>Reklamacje zg\u0142oszone drog\u0105 ustn\u0105 itp. nie b\u0119d\u0105 rozpatrywane.<\/li>\n<li>Reklamacja winna zawiera\u0107 dok\u0142adne dane reklamuj\u0105cego, przyczyn\u0119 reklamacji (opis i uzasadnienie) oraz \u017c\u0105danie jakiego domaga si\u0119 reklamuj\u0105cy.<\/li>\n<li>Osoba wnosz\u0105ca reklamacj\u0119 zostanie powiadomiona o rozstrzygni\u0119ciu Komisji za pomoc\u0105 listu poleconego najp\u00f3\u017aniej w terminie 21 dni od daty otrzymania reklamacji.<\/li>\n<li>Decyzja w sprawie reklamacji jest ostateczna i nie przys\u0142uguje od niej odwo\u0142anie.<\/li>\n<\/ol>\n<p>[\/et_pb_text][et_pb_text _builder_version=&#8221;4.22.0&#8243; _module_preset=&#8221;default&#8221; text_line_height=&#8221;1.8em&#8221; width=&#8221;50%&#8221; width_tablet=&#8221;90%&#8221; width_phone=&#8221;90%&#8221; width_last_edited=&#8221;on|phone&#8221; max_width=&#8221;50%&#8221; max_width_tablet=&#8221;90%&#8221; max_width_phone=&#8221;90%&#8221; max_width_last_edited=&#8221;on|tablet&#8221; module_alignment=&#8221;center&#8221; global_colors_info=&#8221;{}&#8221;]<\/p>\n<p>DANE OSOBOWE<\/p>\n<ol>\n<li>Administratorem danych osobowych Uczestnik\u00f3w Konkursu jest Organizator, tj. KOLEJE DOLNO\u015aL\u0104SKIE S.A. z siedzib\u0105 w Legnicy, ul. Kolejowa 2, 59-220 Legnica (dalej: ADO).<\/li>\n<li>ADO umo\u017cliwia kontakt za pomoc\u0105 numeru telefonu: 76\/753-61-00, adresu e-maila: biuro.zarzadu@kolejedolnoslaskie.eu, b\u0105d\u017a drog\u0105 pocztow\u0105 ul. Kolejowa 2, 59-220 Legnica.<\/li>\n<li>W razie pyta\u0144 i spraw zwi\u0105zanych z przetwarzaniem danych osobowych zach\u0119camy do kontaktu z powo\u0142anym przez administratora Inspektorem Ochrony Danych pod adresem e-mail: iod@kolejedolnoslaskie.eu.<\/li>\n<li>Przetwarzanie danych osobowych Uczestnik\u00f3w Konkursu odbywa si\u0119 zgodnie z postanowieniami rozporz\u0105dzenia Parlamentu Europejskiego i Rady (UE) 2016\/679 z dnia 27 kwietnia 2016 r. w sprawie ochrony os\u00f3b fizycznych w zwi\u0105zku z przetwarzaniem danych osobowych i w sprawie swobodnego przep\u0142ywu takich danych oraz uchylenia dyrektywy 95\/46\/WE (og\u00f3lne rozporz\u0105dzenie o ochronie danych) dalej: RODO.<\/li>\n<li>Dane osobowe Uczestnik\u00f3w Konkursu b\u0119d\u0105 przetwarzane przez Organizatora wy\u0142\u0105cznie w celu dokonania czynno\u015bci niezb\u0119dnych do prawid\u0142owego przeprowadzenia Konkursu, a dane zwyci\u0119zc\u00f3w w celu przekazania im nagrody.<\/li>\n<li>Dane osobowe b\u0119d\u0105 przetwarzane:\n<ul>\n<li>w celu uczestnictwa w Konkursie (przetwarzanie danych odbywa si\u0119 na podstawie art. 6 ust. 1 lit. a RODO). Udzia\u0142 w konkursie jest r\u00f3wnoznaczny ze zgod\u0105 na przetwarzanie danych osobowych przez Organizatora Konkursu. Dane b\u0119d\u0105 przetwarzane przez okres niezb\u0119dny do przeprowadzenia Konkursu oraz wydania nagr\u00f3d wyr\u00f3\u017cnionym Uczestnikom. Czas przetwarzania danych up\u0142ywa wraz z wyga\u015bni\u0119ciem ewentualnych roszcze\u0144 reklamacyjnych zwi\u0105zanych z Konkursem;<\/li>\n<li>w celu realizacji obowi\u0105zku prowadzenia sprawozdawczo\u015bci finansowej (przetwarzanie danych odbywa si\u0119 na podstawie art. 6 ust. 1 lit. c RODO), czas przetwarzania wynosi 5 lat liczonych od zako\u0144czenia roku obrachunkowego, w kt\u00f3rym wystawiono dokument ksi\u0119gowy; (dotyczy tylko zwyci\u0119zc\u00f3w konkursu, kt\u00f3rym zostanie przekazana nagroda).<\/li>\n<li>w celu rozpatrzenia ewentualnych reklamacji (przetwarzanie danych odbywa si\u0119 na podstawie art. 6 ust. 1 lit. f RODO, przy czym przez poj\u0119cie uzasadnionego interesu znajduj\u0105cego si\u0119 w cytowanym przepisie, nale\u017cy rozumie\u0107 mo\u017cliwo\u015b\u0107 rozpatrzenia zg\u0142oszonej reklamacji), czas przetwarzania jest r\u00f3wny czasowi przewidzianemu na z\u0142o\u017cenie i rozpatrzenie reklamacji;<\/li>\n<\/ul>\n<\/li>\n<li>Podanie danych osobowych ma charakter dobrowolny, jest jednak niezb\u0119dne do udzia\u0142u w Konkursie. Brak danych osobowych uniemo\u017cliwia prawid\u0142ow\u0105 realizacj\u0105 Konkursu, w tym jego rozstrzygni\u0119cie oraz ewentualne przekazanie nagrody.<\/li>\n<li>Organizator b\u0119dzie zbiera\u0142 nast\u0119puj\u0105ce dane Uczestnik\u00f3w Konkursu: imi\u0119 i nazwisko widniej\u0105ce na bilecie oraz adres e-mail, na kt\u00f3ry zosta\u0142 zakupiony bilet.<\/li>\n<li>Dane osobowe mog\u0105 by\u0107 udost\u0119pnione osobom upowa\u017cnionym przez ADO, podmiotom \u015bwiadcz\u0105cym na rzecz ADO us\u0142ugi, w tym us\u0142ugi techniczne i organizacyjne, a tak\u017ce innym podmiotom\/osobom\/organom w zakresie i na zasadach okre\u015blonych przepisami prawa.<\/li>\n<li>Osobie, kt\u00f3ra udzieli\u0142a zgody na przetwarzanie danych osobowych przys\u0142uguje prawo do cofni\u0119cia zgody w dowolnym momencie bez wp\u0142ywu na zgodno\u015b\u0107 z prawem przetwarzania, kt\u00f3rego dokonano na podstawie zgody przed jej cofni\u0119ciem.<\/li>\n<li>Uczestnikom Konkursu, kt\u00f3rzy podaj\u0105 dane osobowe przys\u0142uguje prawo dost\u0119pu do tre\u015bci swoich danych oraz prawo do ich sprostowania, jak r\u00f3wnie\u017c wniesienia sprzeciwu wobec przetwarzania danych, usuni\u0119cia danych, ograniczenia przetwarzania danych oraz ich przenoszenia. W celu skorzystania z przys\u0142uguj\u0105cych i opisanych wy\u017cej praw nale\u017cy skontaktowa\u0107 si\u0119 z Inspektorem Ochrony Danych Osobowych Organizatora konkursu za po\u015brednictwem adresu e-mail: iod@kolejedolnoslaskie.eu.<\/li>\n<li>Uczestnik Konkursu ma prawo wniesienia skargi do organu nadzoru, tj. do Prezesa Urz\u0119du Ochrony Danych Osobowych, gdy uzna, iz\u0307 przetwarzanie danych osobowych narusza przepisy RODO.<\/li>\n<li>Dane Uczestnik\u00f3w Konkursu nie s\u0105 przetwarzane w spos\u00f3b zautomatyzowany, w tym w formie profilowania.<\/li>\n<li>Dane osobowe nie b\u0119d\u0105\u0328 przekazywane do pa\u0144stw trzecich poza obszar Unii Europejskiej ani do organizacji mi\u0119dzynarodowych.<\/li>\n<\/ol>\n<p>[\/et_pb_text][et_pb_text _builder_version=&#8221;4.22.0&#8243; _module_preset=&#8221;default&#8221; text_line_height=&#8221;1.8em&#8221; width=&#8221;50%&#8221; width_tablet=&#8221;90%&#8221; width_phone=&#8221;90%&#8221; width_last_edited=&#8221;on|phone&#8221; max_width=&#8221;50%&#8221; max_width_tablet=&#8221;90%&#8221; max_width_phone=&#8221;90%&#8221; max_width_last_edited=&#8221;on|tablet&#8221; module_alignment=&#8221;center&#8221; global_colors_info=&#8221;{}&#8221;]<\/p>\n<p>POSTANOWIENIA KO\u0143COWE<\/p>\n<ol>\n<li>Organizator zastrzega sobie prawo do zmiany postanowie\u0144 Regulaminu w dowolnym momencie. Organizator ma obowi\u0105zek poinformowania o zmianach uczestnik\u00f3w Konkursu.<\/li>\n<li>Zmiana Regulaminu nie mo\u017ce wp\u0142yn\u0105\u0107 negatywnie na warunki uczestnictwa w Konkursie.<\/li>\n<li>W sprawach nieuregulowanych w Regulaminie zastosowanie maj\u0105 przepisy Kodeksu Cywilnego, ustawy o ochronie danych osobowych oraz ustawy o prawie autorskim i prawach pokrewnych.<\/li>\n<li>Organizator nie ponosi odpowiedzialno\u015bci za dzia\u0142ania os\u00f3b trzecich.<\/li>\n<li>Organizator ma prawo w ka\u017cdym momencie trwania Konkursu wykluczy\u0107 z udzia\u0142u w Konkursie (w tym odm\u00f3wi\u0107 przyznania nagrody) Uczestnikowi, w stosunku do kt\u00f3rego powzi\u0105\u0142 podejrzenie o dzia\u0142ania sprzeczne z Regulaminem.<\/li>\n<li>Konkurs nie jest &#8222;gr\u0105 losow\u0105\u201d, &#8222;loteri\u0105 fantow\u0105\u201d, &#8222;zak\u0142adem wzajemnym\u201d ani &#8222;loteri\u0105 promocyjn\u0105\u201d, kt\u00f3rych wynik zale\u017cy od przypadku (przeprowadzenia losowania) w rozumieniu art. 2 ustawy z dnia 19 listopada 2009 o grach hazardowych (tekst jednolity Dz.U. z 2022 r., poz. 888).<\/li>\n<li>Regulamin wchodzi w \u017cycie w dniu og\u0142oszenia konkursu.<\/li>\n<\/ol>\n<p style=\"text-align: right;\"><strong>Organizatorzy konkursu<\/strong><\/p>\n<p>[\/et_pb_text][\/et_pb_column][\/et_pb_row][\/et_pb_section]<\/p>\n","protected":false},"excerpt":{"rendered":"<p>REGULAMIN KONKURSUKOLEJE DOLNO\u015aL\u0104SKIE\u201eDo poczytania od zaraz\u201dPOSTANOWIENIA OG\u00d3LNE \u00a0Regulamin okre\u015bla warunki uczestnictwa, zasady organizacji oraz nagrody w konkursie (\u201eKonkurs\u201d). Organizatorem Konkursu jest sp\u00f3\u0142ka Koleje Dolno\u015bl\u0105skie Sp\u00f3\u0142ka Akcyjna z siedzib\u0105 w Legnicy, zwana dalej Organizatorem. Konkurs odbywa si\u0119 w dniach od 08.01.2024r. do 31.01.2024 r. Z udzia\u0142u w Konkursie wy\u0142\u0105czeni s\u0105: pracownicy Organizatora, podmiot\u00f3w bezpo\u015brednio wsp\u00f3\u0142tworz\u0105cych Konkurs [&hellip;]<\/p>\n","protected":false},"author":1,"featured_media":0,"parent":0,"menu_order":0,"comment_status":"closed","ping_status":"closed","template":"","meta":{"_et_pb_use_builder":"on","_et_pb_old_content":"","_et_gb_content_width":"","footnotes":""},"class_list":["post-234391","page","type-page","status-publish","hentry"],"_links":{"self":[{"href":"https:\/\/kolejedolnoslaskie.pl\/15lat\/wp-json\/wp\/v2\/pages\/234391","targetHints":{"allow":["GET"]}}],"collection":[{"href":"https:\/\/kolejedolnoslaskie.pl\/15lat\/wp-json\/wp\/v2\/pages"}],"about":[{"href":"https:\/\/kolejedolnoslaskie.pl\/15lat\/wp-json\/wp\/v2\/types\/page"}],"author":[{"embeddable":true,"href":"https:\/\/kolejedolnoslaskie.pl\/15lat\/wp-json\/wp\/v2\/users\/1"}],"replies":[{"embeddable":true,"href":"https:\/\/kolejedolnoslaskie.pl\/15lat\/wp-json\/wp\/v2\/comments?post=234391"}],"version-history":[{"count":4,"href":"https:\/\/kolejedolnoslaskie.pl\/15lat\/wp-json\/wp\/v2\/pages\/234391\/revisions"}],"predecessor-version":[{"id":234412,"href":"https:\/\/kolejedolnoslaskie.pl\/15lat\/wp-json\/wp\/v2\/pages\/234391\/revisions\/234412"}],"wp:attachment":[{"href":"https:\/\/kolejedolnoslaskie.pl\/15lat\/wp-json\/wp\/v2\/media?parent=234391"}],"curies":[{"name":"wp","href":"https:\/\/api.w.org\/{rel}","templated":true}]}}